5 = 2*i. Suppose g + 124 = 5*r, 3*g = -5*r + 63 + i. What are the prime factors of r?
5
List the prime factors of 701 - ((-21)/63)/((-1)/(-18)).
7, 101
Let z be (-177)/(-7) + (-4)/14. Let k be (-41)/4 - 4/(-16). Let o = k + z. What are the prime factors of o?
3, 5
List the prime factors of 2/((4/496)/((-65)/(-40))).
13, 31
What are the prime factors of 20/(-110) - (-12082)/22?
3, 61
Suppose -15185 + 4181 = -4*l + 4*q, 2*q = 5*l - 13770. What are the prime factors of l?
2, 13, 53
Suppose -9315 + 60768 = 9*g. List the prime factors of g.
5717
Let n(f) = 11*f + 2. Let p be n(2). Let b be ((-1)/2)/((-2)/p). What are the prime factors of 16/b*(-51)/(-2)?
2, 17
Suppose -d + 3 - 6 = 0, -t + 1632 = 3*d. What are the prime factors of t?
3, 547
Suppose 0 = -v + 2, -4*d + 4 = -4*v. Suppose 0 = -d*u + 6*u - 126. List the prime factors of u.
2, 3, 7
Suppose 180148 = 52*r + 72092. What are the prime factors of r?
2, 1039
Suppose 5*k + 0 - 15 = 0. List the prime factors of 1 + k/((-3)/(-203)).
2, 3, 17
Suppose 2*i - 51 = -49. Suppose -i = 2*x - 29. What are the prime factors of x?
2, 7
Let m(h) = 3*h**2 + 4*h + 37. List the prime factors of m(-11).
2, 89
Suppose 2*t = -1 + 9. Suppose -5*w + 5 = 4*j, -w + 5 = -t*w - 4*j. Suppose 0*x - w*x + 13 = 2*g, 4*g - 38 = 2*x. What are the prime factors of g?
3
Let a = -2045 + 5112. List the prime factors of a.
3067
Suppose 0 = -4*n - 16 + 12. List the prime factors of (-1 + -3 - -4) + 32 + n.
31
Let o = 649 - 234. What are the prime factors of o?
5, 83
Let d(b) = -b**2 + 17*b + 20. Let u be d(16). Suppose -4*k + u = -500. List the prime factors of k.
2, 67
List the prime factors of (-6)/10 - 2068/(-55).
37
Suppose 3*x + 0*r = 4*r - 16, 20 = 5*r. Let y(g) = -4*g + 22. What are the prime factors of y(x)?
2, 11
Let g = 175 + 91. What are the prime factors of g?
2, 7, 19
Let t(x) be the second derivative of x**4/12 + 7*x**3/3 - 13*x**2 - 13*x. List the prime factors of t(-19).
3, 23
Let t = 23 + -34. Let u = t + 47. List the prime factors of 4/(-18) - (-980)/u.
3
Let x(y) = y**2 - y - 8. Let v be x(4). Suppose 4*t - t = -2*z + 113, v*z = -5*t + 231. What are the prime factors of z?
2
Let l(i) be the second derivative of i**3/6 + 15*i**2/2 + 5*i - 13. Let v = -6 - 3. List the prime factors of l(v).
2, 3
List the prime factors of -255*(576/(-40))/4.
2, 3, 17
Let w = 443 + 834. List the prime factors of w.
1277
Suppose 4*v - 58 = -3*o, 5*o + 2*v - 53 = 53. Suppose -3*c + o + 26 = 0. Let j = -6 + c. What are the prime factors of j?
2, 5
Let j(a) = -5*a + 35. Let i(n) = -3*n + 17. Suppose 0*y = 3*y - 4*k + 39, -4*k = 2*y + 6. Let x(g) = y*i(g) + 4*j(g). What are the prime factors of x(7)?
2, 3
Suppose -r + 4*z = -1589, 89*r + z - 6271 = 85*r. List the prime factors of r.
3, 523
Suppose 2*s - 499 + 11 = o, -2*o = 4*s - 992. Let r = -168 + s. List the prime factors of r.
2, 3, 13
What are the prime factors of -4*5/120 - 3391/(-6)?
5, 113
What are the prime factors of 328/(3 + 6 + -7)?
2, 41
Suppose -3 - 7 = -2*y. Let g be ((-8)/(-6))/(40/60). Suppose -3*v = y*m - 46, -5*m = -0*v + g*v - 39. List the prime factors of v.
7
Let q be (-36)/90*5*9. Let f = q + 81. List the prime factors of f.
3, 7
Suppose 3*j = 12*j. Suppose 154 = 2*t - j*t. List the prime factors of t.
7, 11
Let j(y) = 18 - 13*y - y**2 + 11*y - 11*y - 1. List the prime factors of j(-10).
47
Let d(v) = -v**2 - v. Let i be d(5). Let p = i + 6. What are the prime factors of p/30*(-135)/6?
2, 3
Suppose -9 = 3*r, -2*u - 3*u + 15484 = -3*r. List the prime factors of u.
5, 619
List the prime factors of (-7)/28*90*(-188)/6.
3, 5, 47
Let b = -271 - -250. Suppose m + 33 = v - 3*m, 132 = 4*v + 3*m. Let a = b + v. What are the prime factors of a?
2, 3
Suppose -2*k - 501 + 519 = 0. What are the prime factors of k?
3
Let q(y) = -35*y + 182. What are the prime factors of q(-33)?
7, 191
Suppose 4*o = 3*t - 389, -4*o + 249 = 3*t - 124. List the prime factors of t.
127
Let z(h) = -h**2 + h + 3. Let a be z(0). Suppose a*w + 177 = 498. List the prime factors of w.
107
Suppose 2571*m + 7282 = 2582*m. List the prime factors of m.
2, 331
Let n = -108 + 386. Suppose n + 481 = 11*h. List the prime factors of h.
3, 23
Let g(p) = p**3 + 9*p**2 + 3. Let n be g(-9). Let o(u) = 1 + u**2 - n + 3 + 7*u + 1. What are the prime factors of o(-8)?
2, 5
What are the prime factors of 4/16*28 + 740?
3, 83
Suppose -12 = 4*g - 8. List the prime factors of (g - 2) + 105 - 2.
2, 5
Suppose -9*h + 5*h - 3*p + 6505 = 0, -2*h = 5*p - 3263. List the prime factors of h.
2, 7, 29
Let z = 2523 - 1739. List the prime factors of z.
2, 7
Let y(k) = k**3 + 9*k**2 - 5*k + 10. What are the prime factors of y(-6)?
2, 37
Suppose -16 - 44 = -10*w. Suppose 456 = w*b - 972. List the prime factors of b.
2, 7, 17
Let c = -3 + 34. What are the prime factors of (c/(-2))/(2/(-4))?
31
Suppose -3*t = -8*t - 3*j + 2355, 0 = 5*t - 2*j - 2355. List the prime factors of t.
3, 157
Let h = 344 - -277. What are the prime factors of h?
3, 23
Suppose -3052 = -4*b - 4*i, 7*b - i = 4*b + 2297. List the prime factors of b.
3, 5, 17
Suppose 2*k + k = w + 633, -4*k - 2*w + 834 = 0. Suppose -5*z + 1549 = -t + 525, z - k = -5*t. Suppose 17*r - 22*r + z = 0. What are the prime factors of r?
41
Suppose -4*a = 3*v - 6643, -1652 = -a + 5*v - 4*v. List the prime factors of a.
1657
Let w(u) be the second derivative of -u**3/6 + 2*u**2 + 3*u. Let n be w(2). Suppose -62 = -3*c + n*z, -5*c + z + 58 = -2*c. What are the prime factors of c?
2, 3
Let p(v) = 30*v - 135. List the prime factors of p(11).
3, 5, 13
Suppose 1590 = 7*w + 8. What are the prime factors of w?
2, 113
Suppose 4*j + 20 = 124. Let w = 3 + j. What are the prime factors of w?
29
Suppose -2*l - 4*k - 4 = 0, -k - 4 = l + 3*k. Suppose 0 = -d - 3*q - 51, 3*d - 5*q + 83 = -l*q. Let w = d + 60. List the prime factors of w.
2, 3
Suppose 5 = 5*f - 5. Suppose 11 - 63 = -f*o. What are the prime factors of o?
2, 13
Let i(r) = -2*r + 3*r - 5*r - 4 + 3*r. Let l be i(-7). Suppose 2*p = -5*g + 73, 47 = -0*p + l*p - 5*g. What are the prime factors of p?
2, 3
What are the prime factors of 40/24 + -2 - (-19592)/6?
5, 653
Let b = 109 - -243. List the prime factors of b.
2, 11
Let i = 6664 + -3819. List the prime factors of i.
5, 569
Suppose 0 = 5*i + 4*b - 625, -i + 125 = -0*i - 4*b. Let n = i - -15. List the prime factors of n.
2, 5, 7
Suppose -6*i = 2*p - 2*i + 4002, -3*p - 2*i = 5991. List the prime factors of p/(-20) + 4/16.
2, 5
Suppose -j - 10 = -30. Suppose 21*x = j*x + 185. What are the prime factors of x?
5, 37
Let c(h) = -h - 7. Let o be c(-12). Suppose 2*q + 12 = o*q. Suppose -x = -3, 3*n + 5*x = q*n + 1. List the prime factors of n.
2, 7
Let w be 207 + 6/(-3) + 5. Let v = w + -331. Let q = -84 - v. List the prime factors of q.
37
Suppose 5*t + 1749 = 2*r, -r + 837 = 3*t + 2*t. What are the prime factors of r?
2, 431
List the prime factors of (-1728)/(-648) + (-11476)/(-3).
2, 3, 11, 29
Suppose 10 = -4*g + 34. Let u = g - 6. Suppose -10 = -x - u. List the prime factors of x.
2, 5
Let q be ((-3)/(-6))/(1/(-72)). List the prime factors of (-8)/q - ((-574)/9 - 1).
5, 13
Suppose -2*g = -6*g. Suppose 4*d = w - 39, g*w + 4*w - 2*d = 184. List the prime factors of w.
47
Let m(b) = 26*b - 28. List the prime factors of m(3).
2, 5
Suppose 0 = 27*q - 21*q - 7326. What are the prime factors of q?
3, 11, 37
Let l(u) be the second derivative of 7*u**3/6 - 5*u**2/2 + 12*u. What are the prime factors of l(7)?
2, 11
Suppose 0 = 12*x - 263 - 49. List the prime factors of x.
2, 13
Suppose 0 = -4*y + 2*u + 5970, -5*u = -2*y - 0*y + 2981. What are the prime factors of y?
1493
Suppose 6*q - 4*q + 32 = 4*m, 4*q = -2*m + 36. Suppose 5*x - 7 - 23 = -p, -p + m = x. Suppose p*g - 39 = 51. What are the prime factors of g?
2, 3
Suppose -16*c - 22530 = -26*c. List the prime factors of c.
3, 751
Let g = -4663 - -6578. What are the prime factors of g?
5, 383
Let u be ((-8)/12)/(3/234). Let s = 127 + u. What are the prime factors of s?
3, 5
Suppose -29*k = -18*k - 1683. List the prime factors of k.
3, 17
Let f be -20 + (-3 - (2 + -1)). Let n = f - -34. List the prime factors of n.
2, 5
Suppose 5*w + 0*l = 2*l + 3, -3*w = -2*l - 1. Let b be -4*(-1 - w)*1. Suppose b*d - 5*d - 120 = 0. List the prime factors of d.
2, 5
Suppose -c + 